{"id":992,"date":"2014-12-28T17:22:23","date_gmt":"2014-12-28T16:22:23","guid":{"rendered":"http:\/\/www.bindannmalveg.de\/blog\/?page_id=992"},"modified":"2015-02-25T22:04:56","modified_gmt":"2015-02-25T21:04:56","slug":"lettland","status":"publish","type":"page","link":"https:\/\/www.bindannmalveg.de\/blog\/reisen-in\/lettland\/","title":{"rendered":"Lettland"},"content":{"rendered":"<p>Da ich die M\u00f6glichkeit hatte f\u00fcr ein Semester in Riga zu studieren, kann ich euch einiges \u00fcber Land, Leute &amp; veganes Leben in Lettland\u00a0erz\u00e4hlen :) Wahrscheinlich habe ich keine gro\u00dfe Zielgruppe mit den Beitr\u00e4gen \u00fcber Lettland, denn nicht nur einmal wurde ich gefragt: <em>Wo ist Lettland eigentlich? Wieso gehst du denn nach Lettland? <\/em>Aber vielleicht geh\u00f6rst du tats\u00e4chlich zu den Reisenden, die ins Baltikum m\u00f6chten? Dann sind die folgenden Beitr\u00e4ge hoffentlich hilfreich f\u00fcr dich.<\/p>\n<p>Wenn du nach Riga reist und Inspirationen brauchst, was du hier machen kannst, schau doch mal <a title=\"11 Dinge, die jeder Veganer in Riga getan haben sollte\" href=\"http:\/\/www.bindannmalveg.de\/blog\/riga\/\" target=\"_blank\">hier vorbei *klick*<\/a>\u00a0Au\u00dferdem solltest du definitiv mein <a title=\"Raw Garden Riga\" href=\"http:\/\/www.bindannmalveg.de\/blog\/raw-garden-riga\/\" target=\"_blank\">Lieblingsrestaurant &#8220;Raw Garden&#8221;<\/a> besuchen! Wenn es aber doch eher ein Low-Budget-Trip sein soll und du weniger essen gehen willst oder gar nicht nach Riga m\u00f6chtest, lohnt sich ein Blick <a title=\"Unterwegs in Lettlands Superm\u00e4rkten\" href=\"http:\/\/www.bindannmalveg.de\/blog\/unterwegs-in-lettlands-supermaerkten\/\" target=\"_blank\">in diesen Beitrag, wo ich \u00fcber vegane Produkte im Supermarkt schreibe<\/a>. Ein Besuch der\u00a0<a title=\"Kokneses Pilsdrupas\" href=\"http:\/\/www.bindannmalveg.de\/blog\/kokneses-pilsdrupas\/\" target=\"_blank\">Burgruine von Koknese<\/a>\u00a0lohnt sich \u00fcbrigens auch.<\/p>\n<p>\u00dcbrigens stimmt nicht alles, was \u00fcber das Baltikum gesagt wird. Schau mal beim <a title=\"Realit\u00e4tscheck: Baltikum\" href=\"http:\/\/www.bindannmalveg.de\/blog\/realitaetscheck_baltikum\/\" target=\"_blank\">Realit\u00e4tscheck<\/a> vorbei!<\/p>\n<p>&nbsp;<\/p>\n<div id=\"attachment_955\" style=\"width: 510px\" class=\"wp-caption aligncenter\"><a class=\"boxer\" href=\"http:\/\/www.bindannmalveg.de\/blog\/wp-content\/uploads\/2014\/12\/Schwarzhaeupterhaus.jpg\"><img aria-describedby=\"caption-attachment-955\" decoding=\"async\" loading=\"lazy\" class=\"wp-image-955\" src=\"http:\/\/www.bindannmalveg.de\/blog\/wp-content\/uploads\/2014\/12\/Schwarzhaeupterhaus-450x337.jpg\" alt=\"Schwarzhaeupterhaus\" width=\"500\" height=\"375\" srcset=\"https:\/\/www.bindannmalveg.de\/blog\/wp-content\/uploads\/2014\/12\/Schwarzhaeupterhaus-450x337.jpg 450w, https:\/\/www.bindannmalveg.de\/blog\/wp-content\/uploads\/2014\/12\/Schwarzhaeupterhaus-150x112.jpg 150w, https:\/\/www.bindannmalveg.de\/blog\/wp-content\/uploads\/2014\/12\/Schwarzhaeupterhaus-1224x917.jpg 1224w, https:\/\/www.bindannmalveg.de\/blog\/wp-content\/uploads\/2014\/12\/Schwarzhaeupterhaus.jpg 1920w\" sizes=\"(max-width: 500px) 100vw, 500px\" \/><\/a><p id=\"caption-attachment-955\" class=\"wp-caption-text\">Riga &#8211; Ich liebe es :)<\/p><\/div>\n<p>&nbsp;<\/p>\n","protected":false},"excerpt":{"rendered":"<p>Da ich die M\u00f6glichkeit hatte f\u00fcr ein Semester in Riga zu studieren, kann ich euch einiges \u00fcber Land, Leute &amp; veganes Leben in Lettland\u00a0erz\u00e4hlen :) Wahrscheinlich habe ich keine gro\u00dfe Zielgruppe mit den Beitr\u00e4gen \u00fcber Lettland, denn nicht nur einmal wurde ich gefragt: Wo ist Lettland eigentlich? Wieso gehst du denn nach Lettland? Aber vielleicht&nbsp;&hellip;<\/p>\n","protected":false},"author":1,"featured_media":0,"parent":236,"menu_order":0,"comment_status":"open","ping_status":"open","template":"","meta":[],"_links":{"self":[{"href":"https:\/\/www.bindannmalveg.de\/blog\/wp-json\/wp\/v2\/pages\/992"}],"collection":[{"href":"https:\/\/www.bindannmalveg.de\/blog\/wp-json\/wp\/v2\/pages"}],"about":[{"href":"https:\/\/www.bindannmalveg.de\/blog\/wp-json\/wp\/v2\/types\/page"}],"author":[{"embeddable":true,"href":"https:\/\/www.bindannmalveg.de\/blog\/wp-json\/wp\/v2\/users\/1"}],"replies":[{"embeddable":true,"href":"https:\/\/www.bindannmalveg.de\/blog\/wp-json\/wp\/v2\/comments?post=992"}],"version-history":[{"count":10,"href":"https:\/\/www.bindannmalveg.de\/blog\/wp-json\/wp\/v2\/pages\/992\/revisions"}],"predecessor-version":[{"id":1452,"href":"https:\/\/www.bindannmalveg.de\/blog\/wp-json\/wp\/v2\/pages\/992\/revisions\/1452"}],"up":[{"embeddable":true,"href":"https:\/\/www.bindannmalveg.de\/blog\/wp-json\/wp\/v2\/pages\/236"}],"wp:attachment":[{"href":"https:\/\/www.bindannmalveg.de\/blog\/wp-json\/wp\/v2\/media?parent=992"}],"curies":[{"name":"wp","href":"https:\/\/api.w.org\/{rel}","templated":true}]}}